the prime factors of f.
2, 3
Let f(o) = 3*o + 4. Let z be f(-4). Let b = z - -23. List the prime factors of b.
3, 5
Let h = 50 - -22. What are the prime factors of h?
2, 3
Let t = -14 - -19. Suppose 3*f + 6 = t*f. List the prime factors of f.
3
What are the prime factors of (5/15)/(2/(-18)) - -257?
2, 127
Suppose 0*v + o = -2*v + 3, -v + 12 = 4*o. Let l = 18 - 7. Suppose -3*x + 3*w + 32 = -2*w, x - 2*w - l = v. List the prime factors of x.
3
Suppose 1003 + 1538 = 21*t. What are the prime factors of t?
11
Let p be 5*((-51)/(-15) - 2). Suppose 3*s - p*s = -72. List the prime factors of s.
2, 3
Let i be (0/(-1))/(1 + 0). Suppose 3*h + 0*h - 45 = i. What are the prime factors of h?
3, 5
Let u be ((-1)/3)/((-1)/3). Let t be (-16)/u*-1 - 0. Suppose -4*s - 4 = -2*q, 0 = s + 3*s - t. List the prime factors of q.
2, 5
Let k be (-1 + 5)/(-1 + 2). Suppose -n = -2*n + 3*z + 15, 0 = k*n + 4*z - 76. What are the prime factors of n?
2, 3
Let s = -24 + 42. Let r = -3 - -4. What are the prime factors of s*(1/(-3) + r)?
2, 3
Let z(n) = 3*n**2 + n. Let x be z(2). Let r be -2*(2 + 1/(-2)). List the prime factors of x/6 + 1/r.
2
Let a = -10 + 4. Let k be ((-1)/(-2))/((-3)/a). Let x = 5 - k. What are the prime factors of x?
2
Let m = -18 + 36. List the prime factors of m.
2, 3
Suppose -5*j + 4*l + 774 = 0, -2*l + 376 = 3*j - 106. List the prime factors of j.
2, 79
Let t(y) = -y**3 + 7*y**2 + y - 7. Let c be t(7). Let k = c + -2. Let z = 0 - k. What are the prime factors of z?
2
List the prime factors of (-24)/(-36) - 1238/(-6).
3, 23
Suppose 3*w = 11*w - 264. What are the prime factors of w?
3, 11
Suppose -3*p + 107 = -79. List the prime factors of (-1)/2 - p/(-4).
3, 5
Suppose 5*c - 11 - 9 = 0. Suppose 2*y = 2*w - 2*y + 12, -2*w + y - 3 = 0. Suppose w = -c*a + 35 + 5. List the prime factors of a.
2, 5
Let m(i) be the second derivative of -i**5/20 + 5*i**4/12 - i**3/2 - 2*i**2 - 2*i. Let z be m(3). Suppose -z*p - 2 + 12 = 0. What are the prime factors of p?
2
What are the prime factors of ((-122)/(-3))/(0 + 5/15)?
2, 61
Let g = 1 - 1. Let u = -1 + 1. Suppose g = -x - h + 5, -5*h - 5 = u. What are the prime factors of x?
2, 3
Let n(v) = v**2 - 10*v - 2. Let a be n(8). List the prime factors of (-4)/6 + (-48)/a.
2
Let u = 309 + -165. List the prime factors of u.
2, 3
Let t(y) = -2 + 1 + 7 + 6 + y. List the prime factors of t(0).
2, 3
Suppose -4*v = -9*v + 95. Let t be 1/(-2)*(-8 - 2). Suppose -t*u = -11 - v. What are the prime factors of u?
2, 3
Suppose -2*b - 24 = 3*b - 4*z, 8 = b - 4*z. Let h = -5 - b. Suppose a - 6 = -u, a + 17 = h*a + u. List the prime factors of a.
11
Let v(m) be the first derivative of -m**4/4 + 7*m**3/3 + m**2/2 + m + 1. List the prime factors of v(7).
2
Let x be (-3780)/(-48) - (-6)/(-8). List the prime factors of x/4 + 4/8.
2, 5
List the prime factors of 42*((-2)/(-1) + -1).
2, 3, 7
Let o = -5 + 5. Suppose o*r + 3 = r. List the prime factors of -3*r/((-18)/16).
2
Let x(v) = -v**2 - 12*v - 8. Let c = 7 - 18. Let d be x(c). Suppose -m + r = -17, -46 = -d*m + r + 1. What are the prime factors of m?
3, 5
Let m(u) = -2*u - 5. Suppose 3*b + 2*b - 15 = 0. Let z = -11 + b. What are the prime factors of m(z)?
11
Let j(w) = w**2 + 3. Let h be j(-3). Suppose -q + 4*c = h, 8 = -q - q + 4*c. Suppose -s = -5 - q. List the prime factors of s.
3
Let u = 122 + -81. List the prime factors of u.
41
Suppose 0 = 4*l - 14 + 2. Suppose -3*u - u - 5*a + 70 = 0, 5*a - 55 = -l*u. What are the prime factors of u?
3, 5
Let w be (1 - 2)/((-3)/(-9)). Let u = 0 - w. Let n = u + 2. List the prime factors of n.
5
Let l = -202 + 297. List the prime factors of l.
5, 19
Let y = -2 - -1. Let i be 2*y*(-2 + 0). Suppose i*r - 31 = 41. What are the prime factors of r?
2, 3
Let o be -3*(26/6 + -2). Let i = o - -19. List the prime factors of i.
2, 3
Suppose 48 = t + 11. List the prime factors of t.
37
Let a(z) = z. Let x be a(-4). Let y(v) = 10*v - 1. Let k be y(-1). Let n = x - k. What are the prime factors of n?
7
Let v be (742/(-21))/(4/(-6)). Suppose -5*o = -0*l + 3*l - v, -4*o = -4. List the prime factors of l.
2
Let u be 0/1*(-5 + 6). Let l(z) = -z**2 - z + 25. Let h be l(u). Suppose -m + 4*d = -h, 3*m - 15 + 0 = -3*d. What are the prime factors of m?
3
Let j be (-2)/(-14) - 81/(-21). Let h be 0 + -2*(-10)/4. Suppose 5*x + h = j*x, -m - 3*x - 11 = 0. What are the prime factors of m?
2
Suppose -2*f + 14 = 44. Let s = f + 22. What are the prime factors of s?
7
Suppose -8*t - 6*t + 5670 = 0. List the prime factors of t.
3, 5
Let z be (-42)/4*20/6. List the prime factors of 1 + 6/(-3) - z.
2, 17
Let h = 4 - 5. Let y be (4/10)/(h/(-5)). Suppose -y*p - p + 30 = 0. List the prime factors of p.
2, 5
Let v(i) = i - 5. Let u be v(9). Suppose 0 = -u*n + n + 66. Let x = 0 + n. What are the prime factors of x?
2, 11
Suppose q = -q - 28. Let i = -10 - q. Suppose 78 = i*s + 18. What are the prime factors of s?
3, 5
Let o(u) = -u**3 + 9*u**2 - 10*u. Let x be o(7). Suppose 0 = -w + 9 - 1. Suppose x + w = 3*s. What are the prime factors of s?
2, 3
List the prime factors of ((-4)/1)/(2/(-29)).
2, 29
Suppose 2*m + 3*m - 20 = 0. What are the prime factors of m?
2
Let s(d) = 16*d - 5. List the prime factors of s(3).
43
List the prime factors of ((-1)/(-2))/(7/350).
5
Let d(o) = -o**3 + 7*o**2 + 8*o + 2. Let u be d(8). Suppose -5*m = -u*m - 36. What are the prime factors of m?
2, 3
Let d = 3 - 8. Let w = -6 - d. Let g(y) = -9*y + 1. What are the prime factors of g(w)?
2, 5
Suppose 4*q - 580 = 60. What are the prime factors of q/30*1*3?
2
Suppose -r = -4 + 2. Suppose -r*u - 14 = -h, 2*h + 5*u - 19 = 36. List the prime factors of h.
2, 5
Let m be (-1 - 3)/(2/(-43)). Suppose 70 = 2*s - l, 19 = 3*s - 4*l - m. Suppose 4*u = p + 39, 5*u + 3*p = 7*p + s. What are the prime factors of u?
11
What are the prime factors of 0 + 1364/(-8)*-2?
11, 31
Suppose 2*x = 3*q - 143, 2*x - 53 = q - 2*q. What are the prime factors of q?
7
What are the prime factors of 1 - (-614)/8 - (-6)/24?
2, 3, 13
Let b(s) = s**2 + 8*s + 10. Let q = 11 + -18. Let i be b(q). Let f(v) = v**2 + v - 1. List the prime factors of f(i).
11
Suppose 3*a - 5*a + 6 = 0. Suppose 0 = 8*s - a*s - 230. What are the prime factors of s?
2, 23
Let k(c) = -9*c - 9 + 1 - c. What are the prime factors of k(-5)?
2, 3, 7
Suppose -4*r - 2*f + 129 = -f, 15 = -5*f. What are the prime factors of r?
3, 11
Suppose -2*g - 18 = -3*w + g, 10 = 2*w - g. Suppose -2*v + 2*p = v - 101, w*p - 46 = -2*v. List the prime factors of v.
31
Suppose 0 = -f - 4*s + 6, -4*f + 2*s = f - 8. Let h(j) = 2 - 3 - 6*j**f + 2 - j**3 - j. List the prime factors of h(-6).
7
Let a be (3 + 1)*19 - -1. Suppose -a + 25 = -4*y. What are the prime factors of y?
13
Let s = 9 - 4. Suppose 0 = -s*v - 3 - 12. Let w = 3 - v. List the prime factors of w.
2, 3
Suppose 2*g = -10 + 2. List the prime factors of (-70)/(-6) - g/12.
2, 3
Let f(j) = -220*j**3 - j**2 - 4*j - 4. List the prime factors of f(-1).
3, 73
Let h be (-242)/(-77) - 1/7. Let k = h + 16. What are the prime factors of k?
19
Let k(v) = -3*v - 1. Let c be k(-2). Suppose c*l - 9 = 1. Let m(s) = 3*s**3 - s**2 - s - 2. List the prime factors of m(l).
2
Let l(n) = n**3 - 4*n**2 + 7*n - 6. What are the prime factors of l(4)?
2, 11
Let d(k) = k**3 - 8*k**2 + 9*k - 6. Suppose -5*r + 7*r - 14 = 0. Let v be d(r). What are the prime factors of 2/v + (-39)/(-4)?
2, 5
Suppose 3*p - 2*p = 5. Let z be (-9)/(-6)*-2*-1. Suppose -z*w + 3 = -2*w + o, p*w + o - 11 = 0. List the prime factors of w.
2
Let q(x) = 2*x**3 - 15*x**2 - 15*x + 1. Let z be 32/5 + 6/10. Let s(a) = -a**3 + 7*a**2 + 7*a - 1. Let d(y) = z*s(y) + 3*q(y). List the prime factors of d(4).
2, 3
Let p(d) = -d + 32. List the prime factors of p(-17).
7
List the prime factors of (4/(-10))/(8/(-2320)).
2, 29
Let g(j) = -3*j + 1. Let n be g(-1). Let l = 2 - 0. Suppose -n*o + l*o = -y + 13, -o - 3 = 0. List the prime factors of y.
7
Let d(l) = 3*l - 1. List the prime factors of d(5).
2, 7
Let r be (2 + -5 + 1)*-1. Suppose 0 = -k - r*k + 72. List the prime factors of k.
2, 3
Let n = 75 + -23. List the prime factors of n.
2, 13
What are the prime factors of 3/(-1)*88/(-6)?
2, 11
Let w(o) = -2*o**3 + o**2 - 11*o - 12. Let b(d) = -d**3 + d**2 - 5*d - 6. Let y(s) = 9*b(s) - 4*w(s). Let g be y(5). Let a